{"id":9646,"date":"2019-05-09T08:32:10","date_gmt":"2019-05-09T06:32:10","guid":{"rendered":"http:\/\/lignesauto.fr\/wp-content\/uploads\/2019\/05\/B_01.jpg"},"modified":"2019-05-09T08:32:10","modified_gmt":"2019-05-09T06:32:10","slug":"volkswagen-pre-order-id","status":"inherit","type":"attachment","link":"https:\/\/lignesauto.fr\/?attachment_id=9646","title":{"rendered":"Volkswagen &#8211; pre-order ID"},"author":1,"featured_media":0,"comment_status":"open","ping_status":"closed","template":"","meta":[],"description":{"rendered":"<p class=\"attachment\"><a href='https:\/\/lignesauto.fr\/wp-content\/uploads\/2019\/05\/B_01.jpg'><img loading=\"lazy\" decoding=\"async\" width=\"300\" height=\"197\" src=\"https:\/\/lignesauto.fr\/wp-content\/uploads\/2019\/05\/B_01-300x197.jpg\" class=\"attachment-medium size-medium\" alt=\"\" srcset=\"https:\/\/lignesauto.fr\/wp-content\/uploads\/2019\/05\/B_01-300x197.jpg 300w, https:\/\/lignesauto.fr\/wp-content\/uploads\/2019\/05\/B_01-768x504.jpg 768w, https:\/\/lignesauto.fr\/wp-content\/uploads\/2019\/05\/B_01-1024x672.jpg 1024w, https:\/\/lignesauto.fr\/wp-content\/uploads\/2019\/05\/B_01-370x243.jpg 370w, https:\/\/lignesauto.fr\/wp-content\/uploads\/2019\/05\/B_01-1040x683.jpg 1040w, https:\/\/lignesauto.fr\/wp-content\/uploads\/2019\/05\/B_01.jpg 1417w\" sizes=\"(max-width: 300px) 100vw, 300px\" \/><\/a><\/p>\n"},"caption":{"rendered":"<p>J\u00fcrgen Stackmann, Mitglied des Markenvorstands Volkswagen Pkw f\u00fcr den Gesch\u00e4ftsbereich Vertrieb, Marketing und After Sales, spricht am 08.05.2019 bei der Volkswagen ID pre-order Veranstaltung im drive in Berlin. Foto: Friso Gentsch\/Volkswagen<\/p>\n"},"alt_text":"","media_type":"image","mime_type":"image\/jpeg","media_details":{"width":1417,"height":930,"file":"2019\/05\/B_01.jpg","sizes":{"thumbnail":{"file":"B_01-150x150.jpg","width":150,"height":150,"mime_type":"image\/jpeg","source_url":"https:\/\/lignesauto.fr\/wp-content\/uploads\/2019\/05\/B_01-150x150.jpg"},"medium":{"file":"B_01-300x197.jpg","width":300,"height":197,"mime_type":"image\/jpeg","source_url":"https:\/\/lignesauto.fr\/wp-content\/uploads\/2019\/05\/B_01-300x197.jpg"},"medium_large":{"file":"B_01-768x504.jpg","width":768,"height":504,"mime_type":"image\/jpeg","source_url":"https:\/\/lignesauto.fr\/wp-content\/uploads\/2019\/05\/B_01-768x504.jpg"},"large":{"file":"B_01-1024x672.jpg","width":1024,"height":672,"mime_type":"image\/jpeg","source_url":"https:\/\/lignesauto.fr\/wp-content\/uploads\/2019\/05\/B_01-1024x672.jpg"},"oblique-entry-thumb":{"file":"B_01-370x243.jpg","width":370,"height":243,"mime_type":"image\/jpeg","source_url":"https:\/\/lignesauto.fr\/wp-content\/uploads\/2019\/05\/B_01-370x243.jpg"},"oblique-single-thumb":{"file":"B_01-1040x683.jpg","width":1040,"height":683,"mime_type":"image\/jpeg","source_url":"https:\/\/lignesauto.fr\/wp-content\/uploads\/2019\/05\/B_01-1040x683.jpg"},"full":{"file":"B_01.jpg","width":1417,"height":930,"mime_type":"image\/jpeg","source_url":"https:\/\/lignesauto.fr\/wp-content\/uploads\/2019\/05\/B_01.jpg"}},"image_meta":{"aperture":"0","credit":"Friso Gentsch\/Volkswagen","camera":"","caption":"J\u00fcrgen Stackmann, Mitglied des Markenvorstands Volkswagen Pkw f\u00fcr den Gesch\u00e4ftsbereich Vertrieb, Marketing und After Sales, spricht am 08.05.2019 bei der Volkswagen ID pre-order Veranstaltung im drive in Berlin. Foto: Friso Gentsch\/Volkswagen","created_timestamp":"1557317688","copyright":"Volkswagen AG","focal_length":"0","iso":"0","shutter_speed":"0","title":"Volkswagen - pre-order ID","orientation":"1","keywords":["Autos","Wirtschaft","Volkswagen"]}},"post":9627,"source_url":"https:\/\/lignesauto.fr\/wp-content\/uploads\/2019\/05\/B_01.jpg","_links":{"self":[{"href":"https:\/\/lignesauto.fr\/index.php?rest_route=\/wp\/v2\/media\/9646"}],"collection":[{"href":"https:\/\/lignesauto.fr\/index.php?rest_route=\/wp\/v2\/media"}],"about":[{"href":"https:\/\/lignesauto.fr\/index.php?rest_route=\/wp\/v2\/types\/attachment"}],"author":[{"embeddable":true,"href":"https:\/\/lignesauto.fr\/index.php?rest_route=\/wp\/v2\/users\/1"}],"replies":[{"embeddable":true,"href":"https:\/\/lignesauto.fr\/index.php?rest_route=%2Fwp%2Fv2%2Fcomments&post=9646"}]}}

<p>Jürgen Stackmann, Mitglied des Markenvorstands Volkswagen Pkw für den Geschäftsbereich Vertrieb, Marketing und After Sales, spricht am 08.05.2019 bei der Volkswagen ID pre-order Veranstaltung im drive in Berlin. Foto: Friso Gentsch/Volkswagen</p>

Jürgen Stackmann, Mitglied des Markenvorstands Volkswagen Pkw für den Geschäftsbereich Vertrieb, Marketing und After Sales, spricht am 08.05.2019 bei der Volkswagen ID pre-order Veranstaltung im drive in Berlin. Foto: Friso Gentsch/Volkswagen
