{"id":3063,"date":"2020-11-15T18:14:22","date_gmt":"2020-11-15T17:14:22","guid":{"rendered":"http:\/\/lignesauto.fr\/?page_id=3063"},"modified":"2020-11-15T18:14:22","modified_gmt":"2020-11-15T17:14:22","slug":"a-propos-de-nous-2","status":"publish","type":"page","link":"https:\/\/lignesauto.fr\/?page_id=3063","title":{"rendered":"A PROPOS DE LIGNES\/auto"},"content":{"rendered":"<p><img loading=\"lazy\" decoding=\"async\" class=\"alignnone wp-image-45 \" src=\"http:\/\/lignesauto.fr\/wp-content\/uploads\/2018\/06\/LOGO-SEUL.png\" alt=\"\" width=\"588\" height=\"150\" srcset=\"https:\/\/lignesauto.fr\/wp-content\/uploads\/2018\/06\/LOGO-SEUL.png 1014w, https:\/\/lignesauto.fr\/wp-content\/uploads\/2018\/06\/LOGO-SEUL-300x76.png 300w, https:\/\/lignesauto.fr\/wp-content\/uploads\/2018\/06\/LOGO-SEUL-768x195.png 768w\" sizes=\"(max-width: 588px) 100vw, 588px\" \/><\/p>\n<h3>Bienvenue sur votre site de l&#8217;actualit\u00e9 design et des archives automobiles.<\/h3>\n<p><a href=\"http:\/\/lignesauto.fr\/wp-content\/uploads\/2020\/04\/LIGNES_02_01.jpg\"><img loading=\"lazy\" decoding=\"async\" class=\"alignnone  wp-image-17390\" src=\"http:\/\/lignesauto.fr\/wp-content\/uploads\/2020\/04\/LIGNES_02_01-300x134.jpg\" alt=\"\" width=\"553\" height=\"247\" srcset=\"https:\/\/lignesauto.fr\/wp-content\/uploads\/2020\/04\/LIGNES_02_01-300x134.jpg 300w, https:\/\/lignesauto.fr\/wp-content\/uploads\/2020\/04\/LIGNES_02_01-768x344.jpg 768w, https:\/\/lignesauto.fr\/wp-content\/uploads\/2020\/04\/LIGNES_02_01-1024x458.jpg 1024w, https:\/\/lignesauto.fr\/wp-content\/uploads\/2020\/04\/LIGNES_02_01.jpg 1417w\" sizes=\"(max-width: 553px) 100vw, 553px\" \/><\/a><\/p>\n<h3><strong>Vous pouvez nous joindre par mail : &nbsp;<a href=\"mailto:lignesauto@gmail.com\">lignesauto@gmail.com<\/a><\/strong><\/h3>\n<h3><strong>LIGNES\/auto, c&#8217;est aussi une cha\u00eene Youtube<\/strong> :&nbsp;<a href=\"https:\/\/www.youtube.com\/channel\/UCtd0i6ZUwsguWsDwwfiK3cA\/videos\">https:\/\/www.youtube.com\/channel\/UCtd0i6ZUwsguWsDwwfiK3cA\/videos<\/a><\/h3>\n<h3><strong>et une page Facebook :&nbsp;<\/strong><a href=\"https:\/\/www.facebook.com\/lignesauto\/?modal=admin_todo_tour\">https:\/\/www.facebook.com\/lignesauto\/?modal=admin_todo_tour<\/a><\/h3>\n<h3>De 2008 \u00e0 2010, LIGNES\/auto a \u00e9t\u00e9 une revue papier, d\u00e9di\u00e9e au design automobile et transport. Pour les lecteurs qui l\u2019ont connue, un sympathique bonjour et un amical salut \u00e0 Nicolas Langlois, associ\u00e9 de la premi\u00e8re heure. Sans omettre un vibrant hommage au regrett\u00e9 photographe de cette revue, Patrick Sautelet.<\/h3>\n<p><a href=\"http:\/\/lignesauto.fr\/wp-content\/uploads\/2018\/09\/LIGNESM01.png\"><img loading=\"lazy\" decoding=\"async\" class=\"alignnone  wp-image-4166\" src=\"http:\/\/lignesauto.fr\/wp-content\/uploads\/2018\/09\/LIGNESM01-241x300.png\" alt=\"\" width=\"390\" height=\"485\" srcset=\"https:\/\/lignesauto.fr\/wp-content\/uploads\/2018\/09\/LIGNESM01-241x300.png 241w, https:\/\/lignesauto.fr\/wp-content\/uploads\/2018\/09\/LIGNESM01-768x957.png 768w, https:\/\/lignesauto.fr\/wp-content\/uploads\/2018\/09\/LIGNESM01-821x1024.png 821w, https:\/\/lignesauto.fr\/wp-content\/uploads\/2018\/09\/LIGNESM01-370x461.png 370w, https:\/\/lignesauto.fr\/wp-content\/uploads\/2018\/09\/LIGNESM01-1040x1296.png 1040w, https:\/\/lignesauto.fr\/wp-content\/uploads\/2018\/09\/LIGNESM01.png 1476w\" sizes=\"(max-width: 390px) 100vw, 390px\" \/><\/a><\/p>\n<h3><strong>Et puis il y a ceux qui vont venir sur ce site par curiosit\u00e9, pour une info, pour voir, toucher de la pupille ce monde si particulier du design automobile mais aussi celui des transports.<\/strong><\/h3>\n<h3>Ce site veut vous surprendre au del\u00e0 de la seule information car, pour cette derni\u00e8re, nombreux sont les blogs ou sites \u00e0 la traiter, parfois m\u00eame avec soin\u2026 Bonne navigation !<\/h3>\n<p><strong><em>Christophe Bonnaud<br><\/em><\/strong><\/p>\n<h3><strong><em>Extrait du site CCFA du 17 avril 2020 :<\/em> <\/strong>&#8220;N\u00e9 le 3 avril 1961, cet autodidacte du domaine des m\u00e9dias est tout de m\u00eame titulaire d\u2019un Bac de dessinateur industriel, puis d\u2019un BTS industriel avant un passage \u00e0 Clermont-Ferrand chez Michelin. C\u2019est en 1982 qu\u2019il rejoint \u00abAuto<em>hebdo<\/em>\u00bb en tant que r\u00e9dacteur avant de participer \u00e0 la cr\u00e9ation de l\u2019hebdomadaire \u00abAuto Plus\u00bb en 1988. 1992, il passe r\u00e9dacteur en chef adjoint du magazine \u00ab<em>l&#8217;auto-journal<\/em>\u00bb. Ann\u00e9es 2000, il occupera des postes de r\u00e9dacteur en chef des magazines \u00abAuto Moto\u00bb et \u00abArgus Automobile\u00bb. En 2008, il fonde avec ses deux associ\u00e9s Nicolas Langlois de Bazillac et le regrett\u00e9 photographe Patrick Sautelet la soci\u00e9t\u00e9 \u00e9ditrice \u00abLIGNESauto\u00bb qui publie un magazine \u00e9ponyme d\u00e9di\u00e9 au design dans le transport. En 2010, Christophe Bonnaud est l\u2019un des rares journalistes \u00e0 passer de l\u2019autre c\u00f4t\u00e9 de la barri\u00e8re en devenant le responsable de la prospective et de la concurrence au sein du groupe fran\u00e7ais PSA Peugeot Citro\u00ebn de 2010 \u00e0 2013. Int\u00e9grant le groupe PSA au d\u00e9partement produit, analyse concurrence, il d\u00e9couvre ainsi l\u2019envers du d\u00e9cor, au plus pr\u00e8s du d\u00e9partement design. En 2013, il re\u00e7oit une offre pour devenir r\u00e9dacteur en chef du magazine \u00abAutomobiles Classiques\u00bb, un d\u00e9fi. Depuis 2018, il g\u00e8re le site lignesauto.fr et publie des ouvrages aux \u00c9ditions BJB. Il collabore \u00e0 la r\u00e9daction de fascicule pour Hachette et r\u00e9dige pour la publication <em>l&#8217;autojournal.<\/em><\/h3>\n\n\n<figure class=\"wp-block-image\"><img loading=\"lazy\" decoding=\"async\" width=\"1024\" height=\"457\" src=\"http:\/\/lignesauto.fr\/wp-content\/uploads\/2020\/04\/LIGNES_02_02-1024x457.jpg\" alt=\"\" class=\"wp-image-17372\" srcset=\"https:\/\/lignesauto.fr\/wp-content\/uploads\/2020\/04\/LIGNES_02_02-1024x457.jpg 1024w, https:\/\/lignesauto.fr\/wp-content\/uploads\/2020\/04\/LIGNES_02_02-300x134.jpg 300w, https:\/\/lignesauto.fr\/wp-content\/uploads\/2020\/04\/LIGNES_02_02-768x343.jpg 768w, https:\/\/lignesauto.fr\/wp-content\/uploads\/2020\/04\/LIGNES_02_02.jpg 1417w\" sizes=\"(max-width: 1024px) 100vw, 1024px\" \/><\/figure>\n","protected":false},"excerpt":{"rendered":"<p>Bienvenue sur votre site de l&#8217;actualit\u00e9 design et des archives automobiles. Vous pouvez nous joindre par mail : &nbsp;lignesauto@gmail.com LIGNES\/auto, c&#8217;est aussi une cha\u00eene Youtube :&nbsp;https:\/\/www.youtube.com\/channel\/UCtd0i6ZUwsguWsDwwfiK3cA\/videos et une page Facebook :&nbsp;https:\/\/www.facebook.com\/lignesauto\/?modal=admin_todo_tour De 2008 \u00e0 2010, LIGNES\/auto a \u00e9t\u00e9 une revue papier, d\u00e9di\u00e9e au design automobile et transport. Pour les lecteurs [&hellip;]<\/p>\n","protected":false},"author":1,"featured_media":0,"parent":0,"menu_order":0,"comment_status":"closed","ping_status":"closed","template":"","meta":{"footnotes":""},"_links":{"self":[{"href":"https:\/\/lignesauto.fr\/index.php?rest_route=\/wp\/v2\/pages\/3063"}],"collection":[{"href":"https:\/\/lignesauto.fr\/index.php?rest_route=\/wp\/v2\/pages"}],"about":[{"href":"https:\/\/lignesauto.fr\/index.php?rest_route=\/wp\/v2\/types\/page"}],"author":[{"embeddable":true,"href":"https:\/\/lignesauto.fr\/index.php?rest_route=\/wp\/v2\/users\/1"}],"replies":[{"embeddable":true,"href":"https:\/\/lignesauto.fr\/index.php?rest_route=%2Fwp%2Fv2%2Fcomments&post=3063"}],"version-history":[{"count":21,"href":"https:\/\/lignesauto.fr\/index.php?rest_route=\/wp\/v2\/pages\/3063\/revisions"}],"predecessor-version":[{"id":20568,"href":"https:\/\/lignesauto.fr\/index.php?rest_route=\/wp\/v2\/pages\/3063\/revisions\/20568"}],"wp:attachment":[{"href":"https:\/\/lignesauto.fr\/index.php?rest_route=%2Fwp%2Fv2%2Fmedia&parent=3063"}],"curies":[{"name":"wp","href":"https:\/\/api.w.org\/{rel}","templated":true}]}}

<p><img loading="lazy" decoding="async" class="alignnone wp-image-45 " src="http://lignesauto.fr/wp-content/uploads/2018/06/LOGO-SEUL.png" alt="" width="588" height="150" srcset="https://lignesauto.fr/wp-content/uploads/2018/06/LOGO-SEUL.png 1014w, https://lignesauto.fr/wp-content/uploads/2018/06/LOGO-SEUL-300x76.png 300w, https://lignesauto.fr/wp-content/uploads/2018/06/LOGO-SEUL-768x195.png 768w" sizes="(max-width: 588px) 100vw, 588px" /></p>
<h3>Bienvenue sur votre site de l&#8217;actualité design et des archives automobiles.</h3>
<p><a href="http://lignesauto.fr/wp-content/uploads/2020/04/LIGNES_02_01.jpg"><img loading="lazy" decoding="async" class="alignnone  wp-image-17390" src="http://lignesauto.fr/wp-content/uploads/2020/04/LIGNES_02_01-300x134.jpg" alt="" width="553" height="247" srcset="https://lignesauto.fr/wp-content/uploads/2020/04/LIGNES_02_01-300x134.jpg 300w, https://lignesauto.fr/wp-content/uploads/2020/04/LIGNES_02_01-768x344.jpg 768w, https://lignesauto.fr/wp-content/uploads/2020/04/LIGNES_02_01-1024x458.jpg 1024w, https://lignesauto.fr/wp-content/uploads/2020/04/LIGNES_02_01.jpg 1417w" sizes="(max-width: 553px) 100vw, 553px" /></a></p>
<h3><strong>Vous pouvez nous joindre par mail : &nbsp;<a href="mailto:lignesauto@gmail.com">lignesauto@gmail.com</a></strong></h3>
<h3><strong>LIGNES/auto, c&#8217;est aussi une chaîne Youtube</strong> :&nbsp;<a href="https://www.youtube.com/channel/UCtd0i6ZUwsguWsDwwfiK3cA/videos">https://www.youtube.com/channel/UCtd0i6ZUwsguWsDwwfiK3cA/videos</a></h3>
<h3><strong>et une page Facebook :&nbsp;</strong><a href="https://www.facebook.com/lignesauto/?modal=admin_todo_tour">https://www.facebook.com/lignesauto/?modal=admin_todo_tour</a></h3>
<h3>De 2008 à 2010, LIGNES/auto a été une revue papier, dédiée au design automobile et transport. Pour les lecteurs qui l’ont connue, un sympathique bonjour et un amical salut à Nicolas Langlois, associé de la première heure. Sans omettre un vibrant hommage au regretté photographe de cette revue, Patrick Sautelet.</h3>
<p><a href="http://lignesauto.fr/wp-content/uploads/2018/09/LIGNESM01.png"><img loading="lazy" decoding="async" class="alignnone  wp-image-4166" src="http://lignesauto.fr/wp-content/uploads/2018/09/LIGNESM01-241x300.png" alt="" width="390" height="485" srcset="https://lignesauto.fr/wp-content/uploads/2018/09/LIGNESM01-241x300.png 241w, https://lignesauto.fr/wp-content/uploads/2018/09/LIGNESM01-768x957.png 768w, https://lignesauto.fr/wp-content/uploads/2018/09/LIGNESM01-821x1024.png 821w, https://lignesauto.fr/wp-content/uploads/2018/09/LIGNESM01-370x461.png 370w, https://lignesauto.fr/wp-content/uploads/2018/09/LIGNESM01-1040x1296.png 1040w, https://lignesauto.fr/wp-content/uploads/2018/09/LIGNESM01.png 1476w" sizes="(max-width: 390px) 100vw, 390px" /></a></p>
<h3><strong>Et puis il y a ceux qui vont venir sur ce site par curiosité, pour une info, pour voir, toucher de la pupille ce monde si particulier du design automobile mais aussi celui des transports.</strong></h3>
<h3>Ce site veut vous surprendre au delà de la seule information car, pour cette dernière, nombreux sont les blogs ou sites à la traiter, parfois même avec soin… Bonne navigation !</h3>
<p><strong><em>Christophe Bonnaud<br></em></strong></p>
<h3><strong><em>Extrait du site CCFA du 17 avril 2020 :</em> </strong>&#8220;Né le 3 avril 1961, cet autodidacte du domaine des médias est tout de même titulaire d’un Bac de dessinateur industriel, puis d’un BTS industriel avant un passage à Clermont-Ferrand chez Michelin. C’est en 1982 qu’il rejoint «Auto<em>hebdo</em>» en tant que rédacteur avant de participer à la création de l’hebdomadaire «Auto Plus» en 1988. 1992, il passe rédacteur en chef adjoint du magazine «<em>l&#8217;auto-journal</em>». Années 2000, il occupera des postes de rédacteur en chef des magazines «Auto Moto» et «Argus Automobile». En 2008, il fonde avec ses deux associés Nicolas Langlois de Bazillac et le regretté photographe Patrick Sautelet la société éditrice «LIGNESauto» qui publie un magazine éponyme dédié au design dans le transport. En 2010, Christophe Bonnaud est l’un des rares journalistes à passer de l’autre côté de la barrière en devenant le responsable de la prospective et de la concurrence au sein du groupe français PSA Peugeot Citroën de 2010 à 2013. Intégrant le groupe PSA au département produit, analyse concurrence, il découvre ainsi l’envers du décor, au plus près du département design. En 2013, il reçoit une offre pour devenir rédacteur en chef du magazine «Automobiles Classiques», un défi. Depuis 2018, il gère le site lignesauto.fr et publie des ouvrages aux Éditions BJB. Il collabore à la rédaction de fascicule pour Hachette et rédige pour la publication <em>l&#8217;autojournal.</em></h3>


<figure class="wp-block-image"><img loading="lazy" decoding="async" width="1024" height="457" src="http://lignesauto.fr/wp-content/uploads/2020/04/LIGNES_02_02-1024x457.jpg" alt="" class="wp-image-17372" srcset="https://lignesauto.fr/wp-content/uploads/2020/04/LIGNES_02_02-1024x457.jpg 1024w, https://lignesauto.fr/wp-content/uploads/2020/04/LIGNES_02_02-300x134.jpg 300w, https://lignesauto.fr/wp-content/uploads/2020/04/LIGNES_02_02-768x343.jpg 768w, https://lignesauto.fr/wp-content/uploads/2020/04/LIGNES_02_02.jpg 1417w" sizes="(max-width: 1024px) 100vw, 1024px" /></figure>

<p>Bienvenue sur votre site de l&#8217;actualité design et des archives automobiles. Vous pouvez nous joindre par mail : &nbsp;lignesauto@gmail.com LIGNES/auto, c&#8217;est aussi une chaîne Youtube :&nbsp;https://www.youtube.com/channel/UCtd0i6ZUwsguWsDwwfiK3cA/videos et une page Facebook :&nbsp;https://www.facebook.com/lignesauto/?modal=admin_todo_tour De 2008 à 2010, LIGNES/auto a été une revue papier, dédiée au design automobile et transport. Pour les lecteurs [&hellip;]</p>
